What is the units digit of 1465?
5
What is the tens digit of 1253?
5
What is the thousands digit of 28766?
8
What is the thousands digit of 2981?
2
What is the tens digit of 1422?
2
What is the hundreds digit of 3332?
3
What is the thousands digit of 15747?
5
What is the tens digit of 3791?
9
What is the hundreds digit of 126537?
5
What is the hundreds digit of 4599?
5
What is the units digit of 8407?
7
What is the tens digit of 652?
5
What is the hundreds digit of 668?
6
What is the units digit of 619?
9
What is the hundreds digit of 1990?
9
What is the hundreds digit of 3638?
6
What is the hundreds digit of 6341?
3
What is the tens digit of 2817?
1
What is the units digit of 5687?
7
What is the hundreds digit of 1786?
7
What is the ten thousands digit of 24333?
2
What is the tens digit of 1809?
0
What is the thousands digit of 22230?
2
What is the units digit of 1683?
3
What is the tens digit of 21245?
4
What is the units digit of 875?
5
What is the thousands digit of 2579?
2
What is the tens digit of 14158?
5
What is the units digit of 11275?
5
What is the units digit of 5243?
3
What is the tens digit of 3540?
4
What is the hundreds digit of 587?
5
What is the units digit of 199?
9
What is the tens digit of 2084?
8
What is the units digit of 77061?
1
What is the units digit of 3052?
2
What is the thousands digit of 1690?
1
What is the units digit of 266?
6
What is the tens digit of 2063?
6
What is the tens digit of 1260?
6
What is the thousands digit of 1390?
1
What is the hundreds digit of 17195?
1
What is the hundreds digit of 21278?
2
What is the tens digit of 495?
9
What is the tens digit of 9979?
7
What is the thousands digit of 2800?
2
What is the tens digit of 11932?
3
What is the hundreds digit of 11923?
9
What is the hundreds digit of 4610?
6
What is the units digit of 23878?
8
What is the hundreds digit of 815?
8
What is the tens digit of 1304?
0
What is the tens digit of 144?
4
What is the tens digit of 41?
4
What is the thousands digit of 1175?
1
What is the tens digit of 25374?
7
What is the hundreds digit of 95045?
0
What is the tens digit of 5161?
6
What is the tens digit of 1331?
3
What is the units digit of 1476?
6
What is the hundreds digit of 3468?
4
What is the thousands digit of 29279?
9
What is the thousands digit of 4512?
4
What is the tens digit of 422?
2
What is the tens digit of 1332?
3
What is the tens digit of 825?
2
What is the thousands digit of 2313?
2
What is the tens digit of 5651?
5
What is the hundreds digit of 1366?
3
What is the units digit of 2366?
6
What is the thousands digit of 9002?
9
What is the tens digit of 5995?
9
What is the units digit of 22495?
5
What is the thousands digit of 2397?
2
What is the thousands digit of 2457?
2
What is the hundreds digit of 1844?
8
What is the ten thousands digit of 27840?
2
What is the thousands digit of 89940?
9
What is the units digit of 7227?
7
What is the tens digit of 3287?
8
What is the tens digit of 8911?
1
What is the thousands digit of 7288?
7
What is the ten thousands digit of 19855?
1
What is the units digit of 9576?
6
What is the units digit of 1386?
6
What is the ten thousands digit of 24755?
2
What is the thousands digit of 3223?
3
What is the tens digit of 86?
8
What is the hundreds digit of 47802?
8
What is the units digit of 18247?
7
What is the hundreds digit of 1567?
5
What is the ten thousands digit of 56906?
5
What is the thousands digit of 17776?
7
What is the units digit of 11289?
9
What is the tens digit of 2454?
5
What is the hundreds digit of 2089?
0
What is the hundreds digit of 1697?
6
What is the units digit of 3046?
6
What is the tens digit of 717?
1
What is the units digit of 1769?
9
What is the units digit of 1158?
8
What is the tens digit of 8161?
6
What is the units digit of 2536?
6
What is the units digit of 193383?
3
What is the hundreds digit of 11720?
7
What is the units digit of 264?
4
What is the units digit of 24671?
1
What is the units digit of 78503?
3
What is the thousands digit of 2342?
2
What is the tens digit of 2677?
7
What is the hundreds digit of 7872?
8
What is the tens digit of 12030?
3
What is the tens digit of 21592?
9
What is the units digit of 5486?
6
What is the tens digit of 920?
2
What is the units digit of 16924?
4
What is the hundreds digit of 440?
4
What is the hundreds digit of 2510?
5
What is the units digit of 185?
5
What is the hundreds digit of 681?
6
What is the tens digit of 27710?
1
What is the ten thousands digit of 24171?
2
What is the hundreds digit of 1698?
6
What is the tens digit of 76881?
8
What is the hundreds digit of 417?
4
What is the units digit of 88333?
3
What is the units digit of 25?
5
What is the units digit of 48394?
4
What is the thousands digit of 83688?
3
What is the hundreds digit of 25246?
2
What is the ten thousands digit of 24114?
2
What is the hundreds digit of 3110?
1
What is the hundreds digit of 2401?
4
What is the ten thousands digit of 116574?
1
What is the ten thousands digit of 35627?
3
What is the units digit of 327?
7
What is the tens digit of 1202?
0
What is the tens digit of 1168?
6
What is the thousands digit of 5293?
5
What is the ten thousands digit of 23092?
2
What is the hundreds digit of 127429?
4
What is the units digit of 53?
3
What is the units digit of 1181?
1
What is the units digit of 78947?
7
What is the thousands digit of 1455?
1
What is the hundreds digit of 4390?
3
What is the tens digit of 1908?
0
What is the tens digit of 2885?
8
What is the thousands digit of 13176?
3
What is the tens digit of 5355?
5
What is the thousands digit of 20005?
0
What is the units digit of 98?
8
What is the ten thousands digit of 27341?
2
What is the tens digit of 6201?
0
What is the tens digit of 4285?
8
What is the ten thousands digit of 16914?
1
What is the tens digit of 15382?
8
What is the ten thousands digit of 30061?
3
What is the tens digit of 92589?
8
What is the units digit of 981?
1
What is the hundreds digit of 73291?
2
What is the units digit of 223?
3
What is the ten thousands digit of 23503?
2
What is the units digit of 18974?
4
What is the ten thousands digit of 144052?
4
What is the thousands digit of 6131?
6
What is the units digit of 449?
9
What is the thousands digit of 29483?
9
What is the units digit of 3121?
1
What is the tens digit of 250?
5
What is the hundreds digit of 343?
3
What is the hundreds digit of 2164?
1
What is the tens digit of 1287?
8
What is the units digit of 7920?
0
What is the tens digit of 9155?
5
What is the thousands digit of 2581?
2
What is the units digit of 13899?
9
What is the hundreds digit of 992?
9
What is the units digit of 569?
9
What is the hundreds digit of 3498?
4
What is the hundreds digit of 11721?
7
What is the hundreds digit of 1916?
9
What is the units digit of 17805?
5
What is the units digit of 1349?
9
What is the thousands digit of 2247?
2
What is the hundreds digit of 1626?
6
What is the hundreds digit of 894?
8
What is the hundreds digit of 936?
9
What is the thousands digit of 16230?
6
What is the thousands digit of 2394?
2
What is the hundreds digit of 11253?
2
What is the tens digit of 1526?
2
What is the thousands digit of 1519?
1
What is the tens digit of 5216?
1
What is the thousands digit of 2139?
2
What is the tens digit of 4260?
6
What is the hundreds digit of 8829?
8
What is the hundreds digit of 5100?
1
What is the thousands digit of 6214?
6
What is the units digit of 17?
7
What is the hundreds digit of 5578?
5
What is the tens digit of 56338?
3
What is the hundreds digit of 6833?
8
What is the thousands digit of 45696?
5
What is the ten thousands digit of 20269?
2
What is the tens digit of 55482?
8
What is the units digit of 9?
9
What is the thousands digit of 11370?
1
What is the units digit of 1054?
4
What is the hundreds digit of 690?
6
What is the hundreds digit of 7025?
0
What is the units digit of 7247?
7
What is the hundreds digit of 34483?
4
What is the tens digit of 5444?
4
What is the thousands digit of 9517?
9
What is the tens digit of 577?
7
What is the tens digit of 711?
1
What is the tens digit of 2437?
3
What is the hundreds digit of 2559?
5
What is the thousands digit of 10342?
0
What is the units digit of 2459?
9
What is the hundreds digit of 12130?
1
What is the